digit of ((-312)/65)/((-64)/125600)?
0
What is the units digit of 108/(-4)*1665/(-3)?
5
Suppose -476 = -103*p + 96*p. Suppose -4368 = -p*r + 62*r. What is the tens digit of r?
2
Let g(a) = -a + 57. Let x be (-4)/(76/(-40) + 6/4). Suppose -4*m - 168 = x*m. What is the tens digit of g(m)?
6
Let r = -10 - -645. What is the units digit of 4 + 1 + 1*(r - 8)?
2
Suppose 108 + 12 = 12*x. What is the hundreds digit of (676*1/x)/((-1)/(-5))?
3
Let u(i) = -i**2 - 2*i. Let r be u(0). Suppose j - 243 = -4*k - 91, r = -2*j + 4*k + 268. What is the tens digit of j?
4
Let t(l) = 692*l**3 - 5*l**2 + 21*l + 18. What is the ten thousands digit of t(3)?
1
Suppose 0 = 3*k - 6*k - 2*r + 427, -588 = -4*k + 2*r. Let l = 942 + k. What is the hundreds digit of l?
0
Suppose -8 - 10 = -9*t. Suppose -2*h + 0*f + 4*f = -12, -t*h + 15 = -f. Suppose 0 = w - h - 15. What is the units digit of w?
3
Suppose 211 = -8*d + 2011. Let z be (4/(-2))/((-2)/11). Suppose z*o = 14*o - d. What is the tens digit of o?
7
Suppose 232200 = 4*k - 3*a, -2*a + 12875 = k - 45186. What is the hundreds digit of k?
0
Let o be (-4)/1 + 0 - -4150. Suppose o - 15922 = -8*f. What is the thousands digit of f?
1
Let y(h) = -6*h**2 + 15*h. Let o be y(7). Let w = o + 463. What is the hundreds digit of w?
2
Suppose -2*t = 3*t - 15. Suppose -3*u = 5*o + 3 + 2, -t*o - 4*u - 14 = 0. Suppose 0 = 3*b + o*b - 75. What is the units digit of b?
5
Suppose 4*o = 2*o + 136. Suppose 0 = 4*b + 2*i + o, 2*b + 4*i = -2*b - 60. Let n = b + 32. What is the tens digit of n?
1
Let m(g) = -26*g - 12. Let c be m(-1). What is the tens digit of (56 - c)*(-3 - (-292)/8)?
0
Let b(h) = 351*h**2 + 156*h + 809. What is the thousands digit of b(-5)?
8
Suppose 46*u + 4*b + 129981 = 49*u, -4*u = -2*b - 173298. What is the thousands digit of u?
3
Let f(u) = -1043*u**3 - 3*u**2 + 25*u + 27. What is the hundreds digit of f(-1)?
0
Let n(y) = 85*y**2 + 38*y - 190. What is the units digit of n(10)?
0
Suppose 270 = 5*x - 2*b, 0 = -0*x - 3*x - 4*b + 188. Let r = -57 + x. What is the units digit of (124/6)/(((-4)/18)/r)?
3
Suppose 2*h = 3*a + 15369, 6*h - 2*h - 5*a = 30743. Suppose -11*i + h = 1796. What is the tens digit of i?
3
Let m(c) = 10 - 10*c - 16 + 24. Let q be m(5). What is the tens digit of -1 - 2 - (q - 2)?
3
Let f(c) = 101*c**2 + 255*c - 11. What is the thousands digit of f(-8)?
4
Let a(l) = 1671*l - 1268. What is the thousands digit of a(10)?
5
Let s(m) = m**3 + 14*m**2 + 6*m + 12. Let k be s(-14). Let y = k + 513. What is the units digit of y?
1
Let l be 30/5 - (2 - 4/(-2)). Suppose -l*f + 32 = -370. What is the hundreds digit of f?
2
Let d(g) = -2*g**2 + 3*g - 12. Let l be d(-6). Let w = l + 41. Let r = -35 - w. What is the units digit of r?
6
Suppose 7*n = -2*n + 27. Suppose -2 - n = 5*h. What is the units digit of (284/28 - h)*14?
6
Suppose -2*u - 13 + 3 = -36. What is the units digit of u?
3
Let p be (8 - (-187)/(-22))/((-2)/8). Suppose 0 = k - 105*q + 100*q - 1317, -p*k + q + 2589 = 0. What is the units digit of k?
2
Let f(h) = 3*h + 29. Let d be f(-7). Suppose 2*m + 2*b + 572 = 0, -2*b - 1146 = d*m - 4*m. Let r = 412 + m. What is the units digit of r?
5
Let i be -4 - (-2 + -2 + 0). Suppose -198 = -4*r + 2*f - 4*f, 3*r - 2*f - 159 = i. Suppose 4*l - l + 5*b = 23, 5*l = -2*b + r. What is the units digit of l?
1
Let q(a) = 2*a**3 + 114*a**2 + 59*a - 352. What is the hundreds digit of q(-50)?
6
Suppose 3*w + 5*v = -152, 8*w + 208 = 3*w + 3*v. Let l = w + 106. What is the units digit of l?
2
Suppose 58 = 4*l + 18. Let x be (32/l)/(4 + (-938)/235). Let w = x - 140. What is the units digit of w?
6
Let o = 9216 + -5457. Let t = o - 1950. What is the units digit of t?
9
Let l = 191 - 187. What is the tens digit of l/(-8)*(-3 - -5)*-346?
4
Suppose 2903 - 19393 = -10*w. Suppose -w = -5*y + 2*g + 2699, -4*y - 2*g = -3482. What is the units digit of y?
0
Let f(k) = 5*k**2 + 6*k. Let b be (14/21)/((-1)/(-24)). Suppose 5*n + 4 + b = 0. What is the tens digit of f(n)?
5
Let v be (9 - 10)*355/1. What is the units digit of v/(-60) + (-2)/(-24)?
6
Let m be (-4)/(-20) + 15567/15 + 2. Suppose -c - 2*l + m = -l, -2*c + 3*l + 2070 = 0. What is the thousands digit of c?
1
Suppose 0 = -1628*b + 1658*b - 5040. What is the hundreds digit of b?
1
Suppose 19*y = -5*z + 24*y + 10195, z - 5*y = 2035. What is the thousands digit of z?
2
Let w = -70779 + 105446. What is the ten thousands digit of w?
3
Let i(f) = -f**3 + 65*f**2 - 10*f - 443. What is the hundreds digit of i(63)?
8
Let n(p) = -p**3 + 8*p**2 + 3*p - 1. Let f be n(7). Suppose 5*q + 2*u - 96 = 0, 3*q + 2*u - f = -3*u. What is the tens digit of q?
1
Suppose 0 = 2*k - 53 - 159. Let d = k - 102. Suppose -5*p = 4*i - 1026, -3*i + d*p + 210 + 575 = 0. What is the units digit of i?
9
Suppose -2*g - 7 = -3*u, -7*g - 19 = -8*g - 3*u. What is the hundreds digit of (6 - 3) + -2*(-181 - g)?
3
What is the tens digit of (-48606)/(-9) + (-156)/(-36)?
0
Suppose -6*u - 102 + 48 = 0, u = -n + 96210. What is the hundreds digit of n?
2
Suppose -129 = -t + 54. Let a = 17 + t. Suppose -6*g + a = -76. What is the units digit of g?
6
Suppose -11*x + 12268 = -9*x. What is the hundreds digit of x?
1
Let n(q) = -4610*q - 13506. What is the tens digit of n(-11)?
0
Suppose -28*n + 36258 = -116*n + 1427626. What is the units digit of n?
1
Let o = -9 + 17. Let f be o*5/(-10)*(-1)/2. Suppose -10 - 23 = -c - v, f*c - 46 = 3*v. What is the units digit of c?
9
Suppose -80 = -3*c - 2*v, 3*v + 0*v = 4*c - 84. Suppose 19*a - c*a + 1860 = 0. Suppose -g - a = -7*g. What is the tens digit of g?
6
Suppose 5*d + 568 + 502 = 0. Let z = -119 - d. What is the tens digit of z?
9
Let n be 96/(-3) + 10/5. Let j = 21 + n. What is the tens digit of ((-102)/(-9))/((-3)/j)?
3
Let x(u) = 8*u**3 + 7*u**2 + 7*u - 27. Let q be x(6). Suppose -4*z + q - 351 = 0. What is the tens digit of z?
1
Suppose -17*p - 444173 = -113*p + 425971. What is the units digit of p?
4
Let x(b) = 8*b**2 - 399*b - 16. Let g(i) = -3*i**2 + 199*i + 8. Let f(d) = -7*g(d) - 4*x(d). What is the tens digit of f(14)?
9
Let p = -277 - -507. Suppose -p - 71 = -c + 3*t, 3*t = 3*c - 921. Suppose 230 = 5*s - c. What is the tens digit of s?
0
Let a be 3/(-24) - (-366)/(-16). Let u = 29 + a. What is the units digit of 4695/75 + u/(-10)?
2
Suppose 5*z = 5*h - 51305, 2*h - 16*z = -19*z + 20512. What is the tens digit of h?
5
Suppose 956 = 4*h + 2*g, -h - 5*g + 249 = 1. What is the units digit of 7/(21/144)*h/42?
2
Suppose -6*z = -3*z - 3960. Suppose -17*y + 12*y - z = -5*c, -4*y - 273 = -c. What is the hundreds digit of c?
2
Let z(h) = 49*h + 965. What is the thousands digit of z(33)?
2
Let v = 149 - 142. Suppose n + 2*i - 902 = 0, -n + v*i - 3*i = -932. What is the tens digit of n?
1
Suppose 9*l - 58 = 149. Suppose l*o = 26*o - 3267. What is the thousands digit of o?
1
Let n be ((-25)/(-10))/1*(2 + 0). Suppose 4*h = w, 4*w = -10*h + n*h. Suppose -5*y + 369 = 4*p, -3*p + h*p + 76 = y. What is the tens digit of y?
7
Suppose 60*g + 18 = 69*g. Suppose 5*h - 363 = -2*u + 240, g*u - 5*h = 613. What is the tens digit of u?
0
What is the hundreds digit of 107/(-1819) + 9471217/119?
5
Suppose -39*j + 36*j - 102752 = -4*f, 0 = 4*f - j - 102768. What is the hundreds digit of f?
6
Suppose 4029*m = 4030*m - 26050. What is the thousands digit of m?
6
Let j(d) = 8*d**2 + 35*d - 443. What is the tens digit of j(34)?
9
Suppose -5*r = 2*h - 0*r - 13994, 3*r = -18. What is the tens digit of h?
1
Suppose -5*q + 123598 = -4*z, 0 = 5*q + 4*z - 45145 - 78437. What is the tens digit of q?
1
Let p(a) = 288*a. Let y be p(-1). Let f = y + 526. Suppose -2*k - f = -2*x, 6 = k - 3*k. What is the tens digit of x?
1
What is the tens digit of 1*(2 - 2016/30)*-5?
2
Let f = 10737 - 9454. What is the tens digit of f?
8
Let p = -96 - -94. What is the tens digit of ((-942)/5)/(72/(-30) - p)?
7
Let x(d) = -4*d**2 - d + 3. Let i be x(2). Let v be (2/4 - i/10) + -38. Let j = v - -43. What is the units digit of j?
7
Let j(t) = 114*t**2 - 76*t + 553. What is the tens digit of j(6)?
0
Let y = 56 - -21. Let d be (-2)/7 - (-22)/y. Suppose -h - h + 36 = d. What is the units digit of h?
8
Let l(x) = x + 18. Let w be l(-14). Let y(g) = g + 6. Let k be y(w). Let h = 246 - k. What is the tens digit of h?
3
Let g = 114 + -74. Let v be (